
Suppose 4*s = 4*i - 990 - 6, -4*s - 261 = -i. Suppose -3*y - 3*k - i - 256 = 0, -187 = y + 5*k. Let b = y - -323. What is the hundreds digit of b?
1
Let p(m) = -m**3 - 16*m**2 + 4*m - 4. Let t be p(-13). Let b = 622 + t. What is the units digit of b?
9
Suppose 2*k = 2*v - 42760, k - 9 = -2. What is the hundreds digit of v?
3
Suppose 3*g + 47 = 2*w, -g = 3*w - w - 27. Suppose -27350 = -34*h - w*h. What is the units digit of h?
7
Let y = 14901 + 1250. What is the thousands digit of y?
6
Let n = 2722 + 231. Suppose -3*f + 902 = -n. What is the hundreds digit of f?
2
What is the units digit of (-3)/(-9)*(12400 - (-13 + 26))?
9
Suppose 75436 = 4*y - 4*h, y + 3*h + 18865 = 2*y. What is the tens digit of y?
5
Let k = -561 - -4556. What is the units digit of k?
5
Suppose -15 = -36*w + 33*w. Suppose z = 4*t - 15, -5*z + 5*t = t - w. Suppose b + h - 169 = -3*h, -822 = -z*b + 3*h. What is the hundreds digit of b?
1
Suppose 47*b = 94*b - 53*b + 16476. What is the hundreds digit of b?
7
What is the ten thousands digit of -1214*(-3699)/306 - (49/(-17) + 3)?
1
Suppose -444970 - 878109 = -65*m + 434066. What is the hundreds digit of m?
0
Suppose 0 = 91*c - 5999103 + 2008480. What is the hundreds digit of c?
8
Let s = -266 + 635. Suppose 0 = m - 3*v - s, -1159 - 706 = -5*m - 5*v. What is the units digit of m?
2
Suppose 707 = -3*l + 2*h - 1434, 4*h + 20 = 0. Let r = l + 1157. What is the hundreds digit of r?
4
Suppose -3*k + 19 = -2*p, p + p - 6 = -2*k. Let v be 0/(p/4*-4). Suppose w + 5*n - 61 = v, 2*n + 2*n + 66 = 2*w. What is the tens digit of w?
4
Suppose 0 = 3*k - 11*k + 40. Suppose k*n = 4*v + 2067, -4*n + 0*n + 1652 = -4*v. What is the tens digit of n?
1
Let f be (-40)/(-12) + 4/6. Let l(d) = 77*d**2 + 4. Let t be l(f). Suppose 5*h - t = -7*h. What is the hundreds digit of h?
1
What is the thousands digit of (4/((-32)/68538))/(153/(-408))?
2
What is the tens digit of 3*1*((-3100708)/(-312))/((-9)/(-18))?
2
Let u(x) = 2*x**2 + 18*x - 20. Let m be u(-10). Suppose 6*i - 10676 + 2702 = m. What is the hundreds digit of i?
3
Suppose -12*k = -10*k - 112. Let j = k - 53. Suppose 3*i + 3*z - 353 = z, j*z = -4*i + 470. What is the tens digit of i?
1
Let m(v) be the third derivative of v**6/60 - v**5/10 - v**4/3 + 37*v**3/6 - 81*v**2. What is the units digit of m(4)?
7
Let f(m) = 2*m - 23. Let o = -40 + 54. Let a be f(o). Suppose 535 = a*u + 4*h, -4*u - 3*h + 372 = -55. What is the tens digit of u?
0
Let x(z) = 2*z**3 - 103*z**2 - 20*z - 188. What is the hundreds digit of x(53)?
1
Suppose -121055 = -4*g - l, -5*g - 36745 + 188076 = 3*l. What is the tens digit of g?
6
Let r = -145 - -148. Suppose -3*u = j - 99, -r*j + 9*u - 4*u = -283. What is the units digit of j/(-28)*(1*-1 + -6)?
4
Let v(c) = 17*c - 10. Let k(o) = -o + 2. Let n(b) = -6*k(b) - v(b). Suppose -t - u = t + 24, 36 = -3*t + 4*u. What is the tens digit of n(t)?
3
Suppose -l + 1197 = 2*b, 4*l + 0*l + b - 4809 = 0. Let d = l - 126. What is the units digit of d?
7
Let l(c) = c**2 - 11*c + 14. Let k be l(10). Let u(o) = -k - 10*o + 22*o + 9*o**2 - 8*o. What is the tens digit of u(-3)?
6
Let q = 120 + -177. Let i = -42 - q. What is the units digit of i?
5
Suppose 150*r + 12 = 156*r. Suppose r*h - 1032 = 5*k + 1394, 0 = -h - 5*k + 1243. What is the units digit of h?
3
Let z = 1857 + -710. Suppose -4*o + 3219 = z. What is the hundreds digit of o?
5
Suppose -4*g + 3*x = -13, 4*g - 3*g = 2*x - 3. Let a(b) = -5*b - 44*b**2 + 27*b**2 + 6 + 4 + 5 + 20*b**2. What is the units digit of a(g)?
7
Suppose 10 = 2*l - 17*i + 15*i, -5*l = 2*i + 10. Suppose l = -5*z + 4*u + 832, 2*z + 514 = 5*z + 5*u. What is the tens digit of z?
6
Let d be (-2 - -4) + -5 + (-3 - 3). Let k(q) be the second derivative of q**5/20 + 5*q**4/6 + 4*q**3/3 - q**2 - 3*q. What is the units digit of k(d)?
7
Let u = 5 - 13. What is the tens digit of ((-10320)/(-9))/u*-3?
3
Let v be 3/(-21) - 28030/35. Let d = v - -1544. What is the units digit of d?
3
Let z be (-1 - 72)*(-13 + 14). Let h = z + 285. What is the tens digit of h?
1
Suppose -p - 75*p = 14*p - 953730. What is the ten thousands digit of p?
1
Suppose 22692*k - 59172 = 22686*k. What is the hundreds digit of k?
8
Let p = 21 + -27. What is the units digit of p/2 + -1*(0 - 120)?
7
Let w be -4 - 156/(-42) - 32988/(-14). Suppose -3*x - a + w = -5*a, 2*a = -x + 792. What is the hundreds digit of x?
7
Let t be 2 + (-3 + 4 - 1). Suppose -60 = 3*g - 3*c, -5*g + t*c - 134 + 34 = 0. What is the units digit of (-3)/(15/g) - 137*-1?
1
Let s(m) = -55*m + 36. Let d(i) = -164*i + 107. Let b(q) = -6*d(q) + 17*s(q). What is the hundreds digit of b(4)?
1
Let f(a) = a + 31. Let k be f(-7). Suppose 11*b = 15*b - k. Suppose -b*j + 512 = -400. What is the tens digit of j?
5
Suppose -15 = d + 2*d, 0 = 5*y + 5*d. Let g be (-247)/5 + -6 + 27/y. Let h = g - -68. What is the units digit of h?
8
Let a = 22784 - 133. What is the thousands digit of a?
2
Let o(x) = -x - 60*x**3 + 1 + 2*x**2 + 28*x**3 + 27*x**3. Let n = -18 + 15. What is the hundreds digit of o(n)?
1
Suppose -13*b = -14*b + 2. Let j be b/(((-40)/(-12))/5) - -91. What is the tens digit of 1*j + (5 - 2)?
9
Let i(s) = s**3 + 9*s**3 - 11*s**3 - 12 + 4*s + 7*s**2. Let y be i(5). Suppose 5*c - 808 = -y. What is the units digit of c?
0
Suppose 11*b - 14*b = 6. Let k be b/8 + (-4222)/8. Let p = -327 - k. What is the units digit of p?
1
Let p = -28262 + 44813. What is the tens digit of p?
5
Let h(r) = 951*r**2 - 34*r - 57. What is the units digit of h(-2)?
5
Suppose -16 = 3*n + n, -2*p - 396 = -2*n. Let c = 112 + -213. Let i = c - p. What is the hundreds digit of i?
1
Let u(k) = 4*k + 34. Let x be u(-6). Suppose -4*y = -3*j - 89, x = -2*j + 4*j. Suppose 0 = 2*f + 5*r - 253, f - 107 = 4*r + y. What is the hundreds digit of f?
1
Suppose -10*y + 1717739 = 745*y - 12725411. What is the thousands digit of y?
9
Suppose 14*p = 12*p + 12. Suppose 28 = -4*q + p*q. What is the units digit of 696/q + 12/42?
0
Let o = 4808 + -4578. What is the tens digit of o?
3
Let t(s) = -89*s - 42. Let m be t(27). Let i = -1662 - m. What is the units digit of i?
3
Suppose -2*w - 61 + 11 = 5*z, 3*z = -2*w - 30. Let s be (-15)/z*8/6. What is the tens digit of (-16)/(-24)*(0 + 321/s)?
0
Let t = 79 + -74. Suppose -5 = 5*f, -6*d - t*f + 519 = -2*d. What is the units digit of d?
1
Suppose 17*a - 13 - 497 = 0. Suppose -756 = -32*b + a*b. What is the tens digit of b?
7
Let b(w) = -w**2 + 9*w - 5. Let x be b(8). Suppose -x*m = 93 + 243. Let k = m + 190. What is the tens digit of k?
7
Let g(l) = 6*l**2 + 14*l + 6. Let s be (37 - 2)/5 - 5. Let q = -4 - s. What is the units digit of g(q)?
8
Let p(s) = s**3 - 21*s**2 + 21*s - 15. Let z be p(20). Suppose -i - 20 = z*r, -3 = r - 4*i + 1. Let d = r + 200. What is the hundreds digit of d?
1
Suppose -786*i + 778*i = -225888. What is the tens digit of i?
3
Let l(b) = -57*b**2 - 4*b + 6. Let c be l(2). Let i = 37 - c. Suppose -6*n + 3*n = -i. What is the tens digit of n?
8
Suppose 0 = 2*k, 1 = -5*g + 5*k + 6. Let f(u) = 0*u + 2*u - 1 - 3*u + 2*u + 267*u**2 + 0*u. What is the tens digit of f(g)?
6
Let m(t) = 50*t + 100. Let c be (4 - 5)/((-2)/18*3). What is the units digit of m(c)?
0
Let d = 1900 - 124. Suppose -5*o = -3*b - o + 1060, 5*b - 2*o - d = 0. What is the hundreds digit of b?
3
Let o(f) = f**2 - 27*f + 48. Let l be o(25). Let n(y) = 61*y**2 + 6*y + 8. What is the tens digit of n(l)?
4
Let p(i) = 69 + 28*i + 35*i + 3*i - 170. What is the tens digit of p(8)?
2
Let c(s) = 41*s + 150*s**2 - 108*s**2 + 146*s**2 - 34*s - 20. What is the tens digit of c(3)?
9
Let s be 56/24 - (4/3 + 0). What is the tens digit of 7/((-154)/2189)*(-2)/s?
9
Let v(m) = 133*m**3 - 16*m**2 + 48*m + 25. What is the thousands digit of v(6)?
8
What is the units digit of -10 - (6 - 48994) - 17?
1
Suppose 0 = 45*n - 46*n + 3. Let s(t) = 136*t + 45. What is the units digit of s(n)?
3
What is the units digit of (-191907)/6*(130/(-105) + 32/56)?
3
Let l = 125 - 392. Let c = l - -418. Let z = c - -57. What is the hundreds digit of z?
2
Let b = 8681 - 4880. What is the thousands digit of b?
3
Let o(a) = a**3 + 5*a**2 + 11*a + 26. Let p(d) = 5*d**2 - 6*d - 2. Let w be p(-1). What is the hundreds digit of o(w)?
2
Let k be 14 - (3 + -3 + -2). Suppose k*f = 18*f + 8. What is the hundreds dig